{"id":2437,"date":"2010-05-14T08:46:14","date_gmt":"2010-05-14T07:46:14","guid":{"rendered":"http:\/\/www.fambrenner.de\/Kaffeebohne\/wordpress\/?page_id=2437"},"modified":"2025-09-17T20:05:53","modified_gmt":"2025-09-17T18:05:53","slug":"rezepte-jamie-oliver","status":"publish","type":"page","link":"https:\/\/www.fambrenner.de\/Kaffeebohne\/wordpress\/rezepte-jamie-oliver\/","title":{"rendered":"Rezepte: Jamie Oliver"},"content":{"rendered":"<p>Rezept\u00fcbersicht aller von mir verbloggten Jamie Oliver Rezepte. Die Rezepte sind haupts\u00e4chlich auf Deutsch. Da ich Gro\u00dfteils die englischen Ausgaben habe, sind die Rezepte von mir \u00fcbersetzt.<\/p>\n<p><strong>Beilagen:<\/strong><br \/>\n<a href=\"http:\/\/www.fambrenner.de\/Kaffeebohne\/wordpress\/2006\/05\/06\/gebackener-fenchel-mit-cocktailtomaten-oliven-knoblauch-und-olivenol\/\">Gebackener Fenchel mit Cocktailtomaten, Oliven, Knoblauch und Oliven\u00f6l<\/a><br \/>\n<a href=\"http:\/\/www.fambrenner.de\/Kaffeebohne\/wordpress\/2007\/01\/27\/gedunsteter-brokkoli-mit-sojasose-und-ingwer\/\">Ged\u00fcnsteter Brokkoli mit Sojaso\u00dfe und Ingwer<\/a><br \/>\n<a href=\"http:\/\/www.fambrenner.de\/Kaffeebohne\/wordpress\/2005\/11\/05\/steak-mit-jungen-kartoffeln-vom-blech-und-bohnengemuse\/\">Junge Kartoffeln mit Meersalz und Rosmarin<\/a><br \/>\n<a href=\"http:\/\/www.fambrenner.de\/Kaffeebohne\/wordpress\/2009\/01\/25\/garten-koch-event-knollensellerie\/\">P\u00fcrierter Sellerie<\/a><br \/>\n<a href=\"http:\/\/www.fambrenner.de\/Kaffeebohne\/wordpress\/2011\/05\/14\/zitronengerostete-kartoffeln\/\">Zitronenger\u00f6stete Kartoffeln<\/a><br \/>\n<a href=\"http:\/\/www.fambrenner.de\/Kaffeebohne\/wordpress\/2011\/04\/21\/veggie-tag-zucchinigratin\/\">Zucchinigratin<\/a><\/p>\n<p><strong>Brot:<\/strong><br \/>\n<a href=\"http:\/\/www.fambrenner.de\/Kaffeebohne\/wordpress\/2006\/05\/25\/beer-bread\/\">Beer Bread<\/a><br \/>\n<a href=\"http:\/\/www.fambrenner.de\/Kaffeebohne\/wordpress\/2007\/06\/16\/focaccia\/\">Foccacia<\/a><br \/>\n<a href=\"http:\/\/www.fambrenner.de\/Kaffeebohne\/wordpress\/2007\/07\/01\/bbd1-brot-mit-krautern\/\">Foccacia mit Kartoffeln und Rosmarin<\/a><br \/>\n<a href=\"http:\/\/www.fambrenner.de\/Kaffeebohne\/wordpress\/2014\/06\/06\/onion-tarte\/\">Onion-Tarte<\/a><br \/>\n<a href=\"https:\/\/www.fambrenner.de\/Kaffeebohne\/wordpress\/2021\/05\/06\/veggie-tag-pizza-twister-bread-von-jamie-oliver\/\">Pizza-Twister-Bread<\/a><\/p>\n<p><strong>Eierspeisen:<\/strong><br \/>\n<a href=\"http:\/\/www.fambrenner.de\/Kaffeebohne\/wordpress\/2010\/12\/29\/cucina-rapida-chorizo-tomaten-omelett\/\">Chorizo-Tomaten-Omelett<\/a><\/p>\n<p><strong>Fisch:<\/strong><br \/>\n<a href=\"http:\/\/www.fambrenner.de\/Kaffeebohne\/wordpress\/2009\/03\/22\/dkduw-the-return-of-the-naked-chef\/\">Fantastic fish pie<\/a><br \/>\n<a href=\"http:\/\/www.fambrenner.de\/Kaffeebohne\/wordpress\/2008\/04\/26\/pan-fried-lemon-sole-fillets-with-salsa-verde\/\">pan fried lemon-sole with salsa verde<\/a><br \/>\n<a href=\"http:\/\/www.fambrenner.de\/Kaffeebohne\/wordpress\/2015\/06\/20\/thunfisch-mozzarella-quesadilla\/\">Thunfisch-Mozzarella-Quesadilla<\/a><\/p>\n<p><strong>Fleisch:<\/strong><br \/>\n<a href=\"http:\/\/www.fambrenner.de\/Kaffeebohne\/wordpress\/2008\/10\/08\/dark-sticky-stew\/\">Dark, sticky stew (lamb)<\/a><br \/>\n<a href=\"https:\/\/www.fambrenner.de\/Kaffeebohne\/wordpress\/2022\/02\/15\/haehnchen-mit-pilzen-von-jamie-oliver\/\" rel=\"noopener\" target=\"_blank\">H\u00e4hnchen mit Pilzen<\/a><\/p>\n<p><strong>Gem\u00fcse:<\/strong><br \/>\n<a href=\"http:\/\/www.fambrenner.de\/Kaffeebohne\/wordpress\/2014\/12\/04\/veggie-tag-aubergine-al-forno\/\">Aubergine al forno<\/a><br \/>\n<a href=\"http:\/\/www.fambrenner.de\/Kaffeebohne\/wordpress\/2014\/06\/26\/veggie-tag-gegrillter-spargel-mit-pochiertem-ei\/\">Gegrillter Spargel mit pochiertem Ei<\/a><br \/>\n<a href=\"http:\/\/www.fambrenner.de\/Kaffeebohne\/wordpress\/2017\/01\/26\/veggie-tag-gerosteter-blumenkohl-mit-mandeln-koriander-und-kreuzkummel\/\" rel=\"noopener noreferrer\" target=\"_blank\">Ger\u00f6steter Blumenkohl mit Mandeln, Koriander und Kreuzk\u00fcmmel<\/a><br \/>\n<a href=\"http:\/\/www.fambrenner.de\/Kaffeebohne\/wordpress\/2012\/04\/26\/veggie-tag-geschmorter-fenchel\/\">geschmorter Fenchel<\/a><br \/>\n<a href=\"http:\/\/www.fambrenner.de\/Kaffeebohne\/wordpress\/2005\/10\/31\/blog-event-vii-kurbis-a-la-hamilton\/\">K\u00fcrbis \u00e1 la Hamilton<\/a><br \/>\n<a href=\"http:\/\/www.fambrenner.de\/Kaffeebohne\/wordpress\/2011\/06\/16\/veggie-tag-zucchini-feta-puffer\/\">Zucchini-Feta-Puffer<\/a><\/p>\n<p><strong>Kartoffeln:<\/strong><br \/>\n<a href=\"http:\/\/www.fambrenner.de\/Kaffeebohne\/wordpress\/2012\/02\/07\/cucina-rapida-gnocchi-mit-lauch-senf-sauce-und-bacon\/\">Gnocchi mit Lauch-Senf-Sauce<\/a><br \/>\n<a href=\"http:\/\/www.fambrenner.de\/Kaffeebohne\/wordpress\/2014\/05\/01\/veggie-tag-gnocchi-mit-spargelsahne\/\">Gnocchi mit Spargelsahne<\/a><br \/>\n<a href=\"http:\/\/www.fambrenner.de\/Kaffeebohne\/wordpress\/2012\/01\/10\/resteverwertung-bolognessauce-mit-mash-topping\/\">Mash-Topping<\/a><br \/>\n<a href=\"http:\/\/www.fambrenner.de\/Kaffeebohne\/wordpress\/2012\/04\/03\/mozzarella-mit-speck\/\">Mozzarella mit Speck (auf Kartoffeln)<\/a><br \/>\n<a href=\"http:\/\/www.fambrenner.de\/Kaffeebohne\/wordpress\/2016\/02\/28\/suskartoffel-rosti-mit-raucherlachs\/\">S\u00fc\u00dfkartoffel-R\u00f6sti mit R\u00e4ucherlachs<\/a><\/p>\n<p><strong>Kuchen und Dessert:<\/strong><br \/>\n<a href=\"http:\/\/www.fambrenner.de\/Kaffeebohne\/wordpress\/2008\/08\/31\/garten-koch-event-pflaumen-fruit-crumble\/\">Fruit Crumble<\/a><br \/>\n<a href=\"http:\/\/www.fambrenner.de\/Kaffeebohne\/wordpress\/2017\/03\/19\/rosinenschnecken\/\" rel=\"noopener noreferrer\" target=\"_blank\">Rosinenschnecken<\/a><br \/>\n<a href=\"http:\/\/www.fambrenner.de\/Kaffeebohne\/wordpress\/2007\/01\/27\/zitronenkuchen-nach-art-von-jamies-oma\/\">Zitronenkuchen (nach Art von Jamies Oma)<\/a><\/p>\n<p><strong>Pasta:<\/strong><br \/>\n<a href=\"http:\/\/www.fambrenner.de\/Kaffeebohne\/wordpress\/2010\/02\/02\/farfalle-mit-speck-und-erbsen\/\">Farfalle mit Speck und Erbsen<\/a><br \/>\n<a href=\"http:\/\/www.fambrenner.de\/Kaffeebohne\/wordpress\/2013\/03\/28\/veggie-tag-fenchel-auberginen-lasagne\/\">Fenchel-Auberginen-Lasagne<\/a><br \/>\n<a href=\"http:\/\/www.fambrenner.de\/Kaffeebohne\/wordpress\/2006\/03\/31\/fritelle-di-spaghetti\/\">Fritelle di spaghetti<\/a><br \/>\n<a href=\"http:\/\/www.fambrenner.de\/Kaffeebohne\/wordpress\/2016\/11\/24\/gennaros-penne-mit-butternusskurbis-und-pancetta\/\">Gennaros Penne mit Butternussk\u00fcrbis und Pancetta<\/a><br \/>\n<a href=\"https:\/\/www.fambrenner.de\/Kaffeebohne\/wordpress\/2021\/04\/29\/veggie-tag-gruene-macncheese\/\" rel=\"noopener\" target=\"_blank\">Gr\u00fcne Mac&#8217;n&#8217;Cheese<\/a><br \/>\n<a href=\"http:\/\/www.fambrenner.de\/Kaffeebohne\/wordpress\/2013\/01\/17\/veggie-tag-kase-makkaroni\/\">K\u00e4se-Makkaroni<\/a><br \/>\n<a href=\"http:\/\/www.fambrenner.de\/Kaffeebohne\/wordpress\/2016\/01\/09\/kleine-muschelnudeln-in-sahniger-speck-erbsen-sauce\/\">Kleine Muschelnudeln in sahniger Speck-Erbsen-Sauce<\/a><br \/>\n<a href=\"http:\/\/www.fambrenner.de\/Kaffeebohne\/wordpress\/2017\/08\/19\/krebsfleisch-linguine-mit-zucchini\/\" rel=\"noopener noreferrer\" target=\"_blank\">Krebsfleisch-Linguine mit Zucchini<\/a><br \/>\n<a href=\"http:\/\/www.fambrenner.de\/Kaffeebohne\/wordpress\/2008\/10\/15\/lasagnetti-mit-kichererbsen-parmaschinken-salbei-sahne-und-butter\/\">Lasagnetti mit Kichererbsen, Parmaschinken, Salbei, Sahne und Butter<\/a><br \/>\n<a href=\"http:\/\/www.fambrenner.de\/Kaffeebohne\/wordpress\/2014\/06\/12\/veggie-tag-lemon-linguine\/\">Lemon-Linguine<\/a><br \/>\n<a href=\"http:\/\/www.fambrenner.de\/Kaffeebohne\/wordpress\/2010\/10\/09\/nudeln-mit-wurzigen-auberginen-tomaten-basilikum\/\">Nudeln mit w\u00fcrzigen Auberginen, Tomaten, Basilikum und Parmesan<\/a><br \/>\n<a href=\"http:\/\/www.fambrenner.de\/Kaffeebohne\/wordpress\/2015\/07\/30\/veggie-tag-orecchiette-mit-ofentomaten-und-basilikum\/\">Orecchiette mit Ofentomaten und Basilikum<\/a><br \/>\nPappardelle mit Erbsen, breiten Bohnen und Peccorino<br \/>\n<a href=\"http:\/\/www.fambrenner.de\/Kaffeebohne\/wordpress\/2008\/04\/29\/pappardelle-with-a-ragu-of-tiny-meatballs\/\">Pappardelle with a ragu of tiny meatballs<\/a><br \/>\n<a href=\"http:\/\/www.fambrenner.de\/Kaffeebohne\/wordpress\/2009\/09\/17\/pasta-al-forno-con-pomodori-e-mozzarella\/\">Pasta al forno con pomodori e mozzarella<\/a><br \/>\n<a href=\"http:\/\/www.fambrenner.de\/Kaffeebohne\/wordpress\/2005\/12\/08\/fast-food-nur-anders\/\">Pasta bianco &#8211; mit Knoblauchbutter und Parmesan<\/a><br \/>\n<a href=\"http:\/\/www.fambrenner.de\/Kaffeebohne\/wordpress\/2012\/01\/21\/cucina-rapida-past-mit-heis-gerauchertem-lachs\/\">Pasta mit hei\u00dfger\u00e4uchterm Lachs<\/a><br \/>\n<a href=\"http:\/\/www.fambrenner.de\/Kaffeebohne\/wordpress\/2017\/03\/30\/veggie-tag-pasta-mit-ofengemuse-tomatensauce\/\" rel=\"noopener noreferrer\" target=\"_blank\">Pasta mit Ofengem\u00fcse-Tomatensauce<\/a><br \/>\n<a href=\"http:\/\/www.fambrenner.de\/Kaffeebohne\/wordpress\/2008\/04\/22\/pasta-peperonata\/\">Pasta peperonata<\/a><br \/>\n<a href=\"http:\/\/www.fambrenner.de\/Kaffeebohne\/wordpress\/2010\/03\/26\/proper-blokes-sausage-fusilli\/\">Proper bloke&#8217;s sausage fussile<\/a><br \/>\n<a href=\"http:\/\/www.fambrenner.de\/Kaffeebohne\/wordpress\/2013\/08\/01\/rauchiges-paprika-pesto\/\">Rauchiges Paprika-Pesto<\/a><br \/>\n<a href=\"http:\/\/www.fambrenner.de\/Kaffeebohne\/wordpress\/2011\/09\/08\/veggie-tag-rauke-pesto\/\">Rauke-Pesto<\/a><br \/>\n<a href=\"http:\/\/www.fambrenner.de\/Kaffeebohne\/wordpress\/2006\/02\/23\/rigatoni-mit-tomaten-auberginen-sauce-und-mozzarella\/\">Rigatoni mit Tomaten-Auberginen-Sauce und Mozzarella<\/a><br \/>\n<a href=\"http:\/\/www.fambrenner.de\/Kaffeebohne\/wordpress\/2013\/02\/23\/schinken-broccoli-pasta\/\">Schinken-Broccoli-Pasta<\/a><br \/>\n<a href=\"http:\/\/www.fambrenner.de\/Kaffeebohne\/wordpress\/2010\/06\/30\/spaghetti-mit-cocktailtomaten-majoran\/\">Spaghetti mit Cocktailtomaten, Majoran und Oliven\u00f6l<\/a><br \/>\n<a href=\"http:\/\/www.fambrenner.de\/Kaffeebohne\/wordpress\/2014\/08\/07\/veggie-tag-spaghetti-mit-pecorino-pinienkernen-und-zitrone\/\">Spaghetti mit Pecorino, Pinienkerne und Zitronen<\/a><br \/>\n<a href=\"http:\/\/www.fambrenner.de\/Kaffeebohne\/wordpress\/2006\/05\/25\/spaghetti-mit-salami-fenchel-und-tomaten\/\">Spaghetti mit Salami, Fenchel und Tomaten<\/a><br \/>\n<a href=\"http:\/\/www.fambrenner.de\/Kaffeebohne\/wordpress\/2013\/05\/12\/spaghetti-mit-garnelen-und-rucola\/\">Spaghetti mit Garnelen und Rucola<\/a><br \/>\n<a href=\"http:\/\/www.fambrenner.de\/Kaffeebohne\/wordpress\/2011\/04\/05\/spaghetti-pinienkerne-sultaninen-kapern-und-krauterbrosel\/\">Spaghetti, Pinienkerne, Sultaninen, Kapern und Kr\u00e4uterbr\u00f6sel<\/a><br \/>\n<a href=\"http:\/\/www.fambrenner.de\/Kaffeebohne\/wordpress\/2006\/02\/25\/spaghetti-tetrazzini\/\">Spaghetti Tetrazzini<\/a><br \/>\n<a href=\"http:\/\/www.fambrenner.de\/Kaffeebohne\/wordpress\/2016\/01\/30\/spicy-sichuan-noodles\/\">Spicy Sichuan Noodles<\/a><br \/>\n<a href=\"http:\/\/www.fambrenner.de\/Kaffeebohne\/wordpress\/2008\/08\/02\/tagliatelle-genovese\/\">Tagliatelle genovese<\/a><br \/>\n<a href=\"http:\/\/www.fambrenner.de\/Kaffeebohne\/wordpress\/2012\/03\/31\/cucina-rapida-tagliatelle-mit-getrockneten-tomaten-und-ricotta\/\">Tagliatelle mit getrockneten Tomaten und Ricotta<\/a><br \/>\n<a href=\"http:\/\/www.fambrenner.de\/Kaffeebohne\/wordpress\/2012\/04\/21\/taglierini-mit-tomatensauce-und-garnelen\/\">Taglierini mit Tomatensauce und Garnelen<\/a><br \/>\n<a href=\"http:\/\/www.fambrenner.de\/Kaffeebohne\/wordpress\/2015\/08\/23\/nachgekocht-zucchini-carbonara-nach-jamie-oliver\/\">Zucchini-Carbonara<\/a><br \/>\n<a href=\"http:\/\/www.fambrenner.de\/Kaffeebohne\/wordpress\/2012\/07\/19\/veggie-tag-zucchini-carbonara\/\">Zucchini-Carbonara vegetarisch<\/a><\/p>\n<p><strong>Polenta:<\/strong><br \/>\n<a href=\"http:\/\/www.fambrenner.de\/Kaffeebohne\/wordpress\/2013\/10\/24\/veggie-tag-polenta-mit-eiern\/\">Polenta mit Eiern<\/a><br \/>\n<a href=\"http:\/\/www.fambrenner.de\/Kaffeebohne\/wordpress\/2012\/10\/18\/veggie-tag-polenta-mit-gemischten-pilzen\/\">Polenta mit gemischten Pilzen<\/a><\/p>\n<p><strong>Quiche:<\/strong><br \/>\n<a href=\"http:\/\/www.fambrenner.de\/Kaffeebohne\/wordpress\/2015\/10\/10\/ham-leek-quiche\/\">Ham&#038;Leek Quiche<\/a><br \/>\n<a href=\"https:\/\/www.fambrenner.de\/Kaffeebohne\/wordpress\/2021\/05\/06\/veggie-tag-pizza-twister-bread-von-jamie-oliver\/\" rel=\"noopener\" target=\"_blank\">Pizza Twister Bread<\/a><br \/>\n<a href=\"https:\/\/www.fambrenner.de\/Kaffeebohne\/wordpress\/2021\/05\/02\/schnelle-quiche-vom-blech\/\" rel=\"noopener\" target=\"_blank\">Schnelle Quiche vom Blech<\/a><\/p>\n<p><strong>Risotto:<\/strong><br \/>\n<a href=\"http:\/\/www.fambrenner.de\/Kaffeebohne\/wordpress\/2014\/01\/18\/lachs-fenchel-risotto\/\">Lachs-Fenchel-Risotto<\/a><br \/>\n<a href=\"http:\/\/www.fambrenner.de\/Kaffeebohne\/wordpress\/2015\/11\/19\/veggie-tag-modulares-kochen\/\">Grundrezept<\/a><br \/>\n<a href=\"http:\/\/www.fambrenner.de\/Kaffeebohne\/wordpress\/2014\/05\/15\/veggie-tag-orzo-risotto-primavera\/\">Orzo-Risotto Primavera<\/a><br \/>\n<a href=\"http:\/\/www.fambrenner.de\/Kaffeebohne\/wordpress\/2005\/12\/28\/risotto-bianco-con-pesto\/\">Risotto bianco con pesto<\/a><br \/>\n<a href=\"https:\/\/www.fambrenner.de\/Kaffeebohne\/wordpress\/2021\/04\/25\/risotto-mit-geroesteten-tomaten\/\" rel=\"noopener\" target=\"_blank\">Risotto mit ger\u00f6steten Tomaten<\/a><br \/>\n<a href=\"http:\/\/www.fambrenner.de\/Kaffeebohne\/wordpress\/2018\/11\/22\/veggie-tag-jamie-olivers-zucchini-risotto\/\" rel=\"noopener noreferrer\" target=\"_blank\">Zucchini-Risotto<\/a><\/p>\n<p><strong>Salat:<\/strong><br \/>\n<a href=\"http:\/\/www.fambrenner.de\/Kaffeebohne\/wordpress\/2012\/08\/04\/dkduw-genial-kochen-mit-jamie-oliver\/\">Der beste Nudelsalat<\/a><br \/>\n<a href=http:\/\/www.fambrenner.de\/Kaffeebohne\/wordpress\/2011\/06\/02\/veggie-tag-sommerlicher-kichererbsensalat\/\">Sommerlicher Kichererbsensalat<\/a><br \/>\n<a href=\"http:\/\/www.fambrenner.de\/Kaffeebohne\/wordpress\/2012\/07\/24\/tomaten-minz-salat\/\">Tomaten-Minz-Salat<\/a><br \/>\n<a href=\"http:\/\/www.fambrenner.de\/Kaffeebohne\/wordpress\/2011\/09\/15\/veggie-tag-wassermelonen-feta-salat\/\">Wassermelonen-Feta-Salat<\/a><\/p>\n<p><strong>Suppe:<\/strong><br \/>\n<a href=\"http:\/\/www.fambrenner.de\/Kaffeebohne\/wordpress\/2017\/04\/11\/erbsen-kerbel-suppe-mit-creme-fraiche\/\" rel=\"noopener noreferrer\" target=\"_blank\">Erbsen-Kerbel-Suppe mit Creme fraiche<\/a><br \/>\n<a href=\"http:\/\/www.fambrenner.de\/Kaffeebohne\/wordpress\/2016\/05\/10\/huhnersuppe-mit-nudeln\/\">H\u00fchnersuppe mit Nudeln <\/a><br \/>\n<a href=\"http:\/\/www.fambrenner.de\/Kaffeebohne\/wordpress\/2014\/01\/16\/veggie-tag-kartoffel-lauch-suppe-mit-knusperzwiebeln\/\">Kartoffel-Lauch-Suppe mit Knusperzwiebeln<\/a><br \/>\n<a href=\"http:\/\/www.fambrenner.de\/Kaffeebohne\/wordpress\/2013\/10\/03\/veggie-tag-kurbis-apfel-ingwer-suppe\/\">K\u00fcrbis-Apfel-Ingwer-Suppe<\/a><br \/>\n<a href=\"https:\/\/www.fambrenner.de\/Kaffeebohne\/wordpress\/2021\/04\/27\/lentil-pasta-soup-linsensuppe-mit-nudeln\/\" rel=\"noopener\" target=\"_blank\">Lentil &#038; Pasta Soup (Linsensuppe mit Nudeln)<\/a><br \/>\n<a href=\"http:\/\/www.fambrenner.de\/Kaffeebohne\/wordpress\/2012\/12\/18\/turkey-chowder\/\">Turkey-Showder<\/a><\/p>\n<p><strong>Vorspeise:<\/strong><br \/>\n<a href=http:\/\/www.fambrenner.de\/Kaffeebohne\/wordpress\/2011\/06\/27\/gerostete-padron-pimientos\/\">Ger\u00f6stete Padron Pimientos<\/a><br \/>\n<a href=http:\/\/www.fambrenner.de\/Kaffeebohne\/wordpress\/2011\/04\/15\/veggie-tag-patatas-bravas\/\">Patatas bravas<\/a><\/p>\n<p>Stand: 31.12.2021<\/p>\n","protected":false},"excerpt":{"rendered":"<p>Rezept\u00fcbersicht aller von mir verbloggten Jamie Oliver Rezepte. Die Rezepte sind haupts\u00e4chlich auf Deutsch. Da ich Gro\u00dfteils die englischen Ausgaben habe, sind die Rezepte von mir \u00fcbersetzt. Beilagen: Gebackener Fenchel mit Cocktailtomaten, Oliven, Knoblauch und Oliven\u00f6l Ged\u00fcnsteter Brokkoli mit Sojaso\u00dfe und Ingwer Junge Kartoffeln mit Meersalz und Rosmarin P\u00fcrierter Sellerie Zitronenger\u00f6stete Kartoffeln Zucchinigratin Brot: Beer &hellip; <\/p>\n<p class=\"link-more\"><a href=\"https:\/\/www.fambrenner.de\/Kaffeebohne\/wordpress\/rezepte-jamie-oliver\/\" class=\"more-link\"><span class=\"screen-reader-text\">\u201eRezepte: Jamie Oliver\u201c<\/span> weiterlesen<\/a><\/p>\n","protected":false},"author":1,"featured_media":0,"parent":0,"menu_order":0,"comment_status":"open","ping_status":"open","template":"","meta":{"footnotes":""},"jetpack_sharing_enabled":true,"_links":{"self":[{"href":"https:\/\/www.fambrenner.de\/Kaffeebohne\/wordpress\/wp-json\/wp\/v2\/pages\/2437"}],"collection":[{"href":"https:\/\/www.fambrenner.de\/Kaffeebohne\/wordpress\/wp-json\/wp\/v2\/pages"}],"about":[{"href":"https:\/\/www.fambrenner.de\/Kaffeebohne\/wordpress\/wp-json\/wp\/v2\/types\/page"}],"author":[{"embeddable":true,"href":"https:\/\/www.fambrenner.de\/Kaffeebohne\/wordpress\/wp-json\/wp\/v2\/users\/1"}],"replies":[{"embeddable":true,"href":"https:\/\/www.fambrenner.de\/Kaffeebohne\/wordpress\/wp-json\/wp\/v2\/comments?post=2437"}],"version-history":[{"count":79,"href":"https:\/\/www.fambrenner.de\/Kaffeebohne\/wordpress\/wp-json\/wp\/v2\/pages\/2437\/revisions"}],"predecessor-version":[{"id":13146,"href":"https:\/\/www.fambrenner.de\/Kaffeebohne\/wordpress\/wp-json\/wp\/v2\/pages\/2437\/revisions\/13146"}],"wp:attachment":[{"href":"https:\/\/www.fambrenner.de\/Kaffeebohne\/wordpress\/wp-json\/wp\/v2\/media?parent=2437"}],"curies":[{"name":"wp","href":"https:\/\/api.w.org\/{rel}","templated":true}]}}